 number?
False
Is 932715127 composite?
True
Is 865583573 a prime number?
False
Is 258435227 composite?
False
Is 8948760963 a prime number?
False
Is 28250619107 composite?
False
Is 5531444489 a composite number?
False
Is 96971167 a composite number?
False
Is 122974217741 a composite number?
True
Is 2973284089 prime?
False
Is 5874403459 composite?
True
Is 57458573497 a prime number?
False
Is 13819654621 a prime number?
False
Is 14001789467 a composite number?
True
Is 1693397687 a composite number?
False
Is 1888923517 a composite number?
True
Is 85250732591 composite?
True
Is 2821362637 composite?
False
Is 1589972999 a prime number?
True
Is 10142359438 composite?
True
Is 21752906927 a composite number?
True
Is 4387195915 composite?
True
Is 15476451553 a composite number?
False
Is 9960642721 a prime number?
True
Is 1210817851 a composite number?
True
Is 34213324493 prime?
False
Is 183075931117 composite?
False
Is 337345003 composite?
False
Is 585138319 composite?
False
Is 347485711 a composite number?
True
Is 30197349383 composite?
False
Is 6450486121 composite?
True
Is 778030049 a prime number?
False
Is 30936908071 a prime number?
False
Is 5222297 a prime number?
True
Is 882966547 prime?
True
Is 5641725559 composite?
True
Is 478040471 a prime number?
True
Is 905852131 prime?
True
Is 3125813557 prime?
False
Is 151999877 composite?
False
Is 187304086063 composite?
True
Is 23833411871 a prime number?
True
Is 141123129746 a composite number?
True
Is 891611431 a prime number?
True
Is 4189723589 composite?
False
Is 460499554 a composite number?
True
Is 17639969 a composite number?
True
Is 11303968051 prime?
False
Is 2612287529 prime?
True
Is 9108883243 composite?
True
Is 16061831957 a prime number?
True
Is 1361514599 prime?
True
Is 3394361317 composite?
False
Is 277858849 composite?
True
Is 74439149914 prime?
False
Is 6528843817 a prime number?
True
Is 47506506535 prime?
False
Is 18975614407 prime?
True
Is 5888045671 a composite number?
False
Is 3375274249 a composite number?
False
Is 97452890729 a composite number?
False
Is 61983684977 prime?
True
Is 2145251081 prime?
True
Is 22011381803 a composite number?
False
Is 182427433 composite?
False
Is 503912459 prime?
False
Is 420319981 a prime number?
False
Is 2623089563 a composite number?
False
Is 3256430923 a composite number?
True
Is 23189045239 a composite number?
True
Is 4770554989 a prime number?
False
Is 13446698273 a prime number?
False
Is 17671280573 a composite number?
True
Is 130706682413 a prime number?
False
Is 18866612091 composite?
True
Is 20143328813 a prime number?
True
Is 3358700102 prime?
False
Is 15355444571 a prime number?
True
Is 137356927 a prime number?
True
Is 1193368277 prime?
True
Is 2121230929 composite?
True
Is 99023999 prime?
True
Is 4356576187 a composite number?
True
Is 389238602315 a prime number?
False
Is 26082479161 prime?
True
Is 106287132383 composite?
True
Is 669301799 prime?
False
Is 11321461673 composite?
False
Is 31912757537 prime?
True
Is 1018546601 a prime number?
False
Is 32331730871 composite?
True
Is 10065973849 a composite number?
False
Is 231557033 a prime number?
True
Is 348145761 prime?
False
Is 220742573 a composite number?
False
Is 3167344153 composite?
False
Is 129913117 a prime number?
True
Is 769607819 composite?
False
Is 932832127 prime?
True
Is 5060781497 composite?
False
Is 12157444939 composite?
True
Is 2176877507 a composite number?
True
Is 1657151885 prime?
False
Is 435958181 a prime number?
False
Is 11992354057 prime?
True
Is 170990871 prime?
False
Is 17001898721 a composite number?
False
Is 6768957407 composite?
True
Is 419315359 a composite number?
False
Is 196153166045 a composite number?
True
Is 614273479 a prime number?
True
Is 533320439 composite?
True
Is 1904171449 prime?
False
Is 18202256407 a composite number?
True
Is 29060300911 prime?
True
Is 1986965551 a prime number?
False
Is 413734303 prime?
True
Is 85891897999 a prime number?
True
Is 186257625061 a prime number?
True
Is 903867491 a composite number?
False
Is 20156848141 a composite number?
True
Is 1557333667 prime?
False
Is 9524511619 a prime number?
False
Is 231308903 prime?
False
Is 306455011 prime?
True
Is 4210217669 composite?
True
Is 277819561 a prime number?
True
Is 12246007 a prime number?
False
Is 42235749397 a prime number?
True
Is 10258911043 a prime number?
False
Is 21248473 a composite number?
False
Is 23625885817 prime?
False
Is 2124350707 a prime number?
True
Is 4542676189 composite?
False
Is 2702759 a prime number?
True
Is 3712160453 composite?
False
Is 16463598937 prime?
False
Is 8438081759 a prime number?
True
Is 1217996627 prime?
True
Is 7913032019 prime?
False
Is 261913105457 a prime number?
True
Is 234530651 a composite number?
False
Is 173775127913 composite?
False
Is 8082946889 prime?
False
Is 8979037069 a composite number?
True
Is 140900273 composite?
True
Is 902987201 prime?
False
Is 1082554331 composite?
True
Is 94566783247 prime?
True
Is 4271513647 prime?
False
Is 18591619 prime?
False
Is 14458897793 a composite number?
True
Is 78157837 composite?
True
Is 408272491 a prime number?
False
Is 5897992133 prime?
False
Is 1664005379 a prime number?
False
Is 12048975577 a prime number?
True
Is 51884893519 a prime number?
False
Is 28415573189 a prime number?
True
Is 75943006709 composite?
False
Is 5473841677 a composite number?
False
Is 505510739 prime?
True
Is 887076391 composite?
False
Is 475660857097 a composite number?
True
Is 65516633849 a prime number?
False
Is 53252351 a prime number?
False
Is 71354171173 composite?
False
Is 17468649007 a prime number?
True
Is 7440284261 prime?
False
Is 16278422113 prime?
False
Is 74040043673 composite?
True
Is 15301602629 a composite number?
False
Is 265280089819 prime?
False
Is 17685819187 composite?
False
Is 10335663959 a composite number?
True
Is 603286110937 composite?
False
Is 3757951759 prime?
True
Is 522895147 prime?
True
Is 225190123 a prime number?
True
Is 1489130407 composite?
False
Is 14802644247 a prime number?
False
Is 30069340883 a prime number?
False
Is 47172642919 a composite number?
True
Is 10299353 a composite number?
False
Is 1215025477 composite?
True
Is 5167915091 a composite number?
False
Is 3054803137 a composite number?
False
Is 34926581587 a prime number?
True
Is 10485926267 a prime number?
True
Is 2381835143 composite?
False
Is 399146277 prime?
False
Is 6864239017 composite?
True
Is 384375373 composite?
True
Is 66515669521 composite?
True
Is 7836547 a prime number?
False
Is 17529220463 a prime number?
False
Is 105527867 prime?
True
Is 14110790333 a prime number?
False
Is 250416263 composite?
False
Is 7968828839 a composite number?
True
Is 1573215671 a prime number?
True
Is 10632448471 composite?
True
Is 3321456067 composite?
True
Is 5962819309 prime?
False
Is 316224811 a composite number?
True
Is 63072947497 prime?
False
Is 34480562559 prime?
False
Is 14937738433 a prime number?
False
Is 720559123 a composite number?
False
Is 80331461209 a prime number?
True
Is 23540326357 prime?
True
Is 3414124222 a prime number?
False
Is 595963729 composite?
True
Is 471850303 a prime number?
True
Is 1835144287 prime?
True
Is 1392033983 a prime number?
False
Is 5371453621 prime?
True
Is 1221571531 prime?
False
Is 40947282811 prime?
True
Is 575540585 a prime number?
False
Is 16775127011 a composite number?
True
Is 205345089997 prime?
False
Is 940062523 a composite number?
False
Is 1268479043 prime?
False
Is 16347754277 prime?
False
Is 4418294533 prime?
False
Is 271834399 prime?
True
Is 22231221359 prime?
True
Is 32160401177 a prime number?
True
Is 228908965 composite?
True
Is 3051662191 a prime number?
True
Is 4828099667 composite?
True
Is 418731289 prime?
True
Is 624579587 a prime number?
False
Is 269332651 composite?
True
Is 3086942237 a prime number?
True
Is 7147228619 prime?
False
Is 216303253 composite?
False
Is 1615866851 a prime number?
True
Is 890353019 composite?
True
Is 6634246469 a composite number?
True
Is 887832923 prime?
True
Is 1228788127 a prime number?
False
Is 12921736859 a composite number?
False
Is 2152187727 prime?
False
Is 372078821 a composite number?
False
Is 595351907 composite?
False
Is 2770914467 composite?
True
Is 52797995885 a composite number?
True
Is 4904899481 composite?
Fals